= -d**2 - 15*d - 13. Let w be g(-7). Let k = -47 + w. Give u(k).
-5
Let f(i) = 188 + 2*i**3 - i**3 + 8*i - 7*i**2 - 185. Determine f(6).
15
Let n(s) = s**3 + 5*s**2 - 5*s - 7. Let w be n(-5). Let r(f) = -w + f**2 - 3*f + f + 12 - 4*f. Calculate r(7).
1
Let j(p) = -p**2 + 6*p + 7. Let n(l) = 2*l**2 + 9*l - 2. Let y be n(-7). Suppose y = 9*d - 30. Give j(d).
0
Let u(s) = -7*s**2 + 1. Suppose -5*k - 3*g = -5*g - 43, -2*g + 20 = 2*k. Suppose -49 = -k*x - 58. Calculate u(x).
-6
Let b = 465 - 454. Let c(j) = -j**3 + 12*j**2 - 13*j + 25. What is c(b)?
3
Let j(x) = x**2 - 9*x + 11. Suppose 6*h - 9 = 27. What is j(h)?
-7
Let u(j) = -2*j + 7 + 297*j**2 - 296*j**2 - 4*j - 4*j. Give u(9).
-2
Let i = 45 - 30. Let g = -13 + i. Let d(b) = 9 - 6*b - 6*b**2 + b**3 - 3*b - b**2 - g. Calculate d(8).
-1
Let n = -5 - -8. Suppose 0 = 2*x - n*f + f - 10, 0 = 3*x + 2*f + 5. Let o(k) = -3*k - 2*k + 4*k + x. Give o(0).
1
Let o(a) = 4*a - 22. Suppose -5*w = -5*x + 2*x - 52, -32 = -3*w + 2*x. Calculate o(w).
10
Let u(l) = -l**2 - 5. Let w be u(0). Let d(a) = 6*a**2 - a + 1. Let n(r) = 11*r**2 - 6*r + 4. Let p(o) = -2*d(o) + n(o). What is p(w)?
-3
Let h(f) = f - 1. Let p(x) be the first derivative of 2 + 1 - 5 + 2*x**3 - 4 - 3*x + x**2. Let o(v) = 2*h(v) - p(v). Calculate o(1).
-5
Let w(p) = -10*p + 1. Let r = -599 + 601. Give w(r).
-19
Let r(x) = 6*x**2 - 4*x + 39. Let s(o) = 13*o**2 - 9*o + 88. Let g(p) = 9*r(p) - 4*s(p). Determine g(3).
17
Suppose 38 = -5*v + 6*t - 3*t, 34 = -5*v - t. Let o(f) = -6*f - 15. Let r(x) = x. Let w(u) = o(u) + 5*r(u). Calculate w(v).
-8
Suppose -n = -20*c + 22*c - 7, 0 = 2*n - c - 9. Let a(x) = 8*x - 6. Calculate a(n).
34
Let j(k) = 5*k**2 - 3*k + 2. Let c(l) = -6*l**2 + 2*l - 2. Let b(x) = -4*c(x) - 5*j(x). Suppose 34 - 36 = 5*f + 4*r, 0 = 2*f - 6*r - 60. Determine b(f).
4
Let g = -6 + 11. Let v(m) = -4*m - 4. Let x(s) = 3*s + 3. Let t(n) = n + 1. Let p(o) = -12*t(o) + 3*x(o). Let q(k) = -5*p(k) + 4*v(k). Give q(g).
-6
Let d(g) = -15*g**2 + 11*g**2 - 9*g**2 + 1. Calculate d(1).
-12
Let p(f) = 2*f**2 + 4*f. Let r(w) = w**2 + 4*w - 1. Suppose -l + j = 0, l + 2*j = j + 4. Suppose v + 0*v - l = 0. Let z(b) = v*p(b) - 3*r(b). Give z(2).
-1
Let u be (-4)/3 - 10/(-30). Let z be 3 + 2 + -4 + u + -1. Let n(t) = t + 2. Calculate n(z).
1
Let c(o) = -3*o + 6. Let m(l) = -l**2 + 9*l - 3. Let i be m(8). Let z be (4/i)/((-18)/(-45)). Let u be (4/z)/(8/16). Calculate c(u).
-6
Let t(v) = v**2 - 3*v - 8. Let x(q) = -q**3 - 11*q**2 + 13*q + 12. Let o = 0 + -12. Let a be x(o). Suppose h - 3*d - 18 = -0*d, a = -2*h + d + 16. What is t(h)?
10
Let f(c) = c**3 + 3*c**2 + 2*c - 2. Suppose 484 = -5*j - 11. Let s be (-2)/(-16) + j/24 + 2. Calculate f(s).
-2
Let l(d) = d - 1. Let w(c) = 12*c. Let p(f) = l(f) - w(f). Suppose 3*x - x - g = -6, -2*x - 5*g + 18 = 0. Give p(x).
10
Let i(v) = -6*v. Suppose -5*k = -48 - 52. Suppose -3*r - 2*r + k = 0. Suppose -r*x + 0 = -4. Calculate i(x).
-6
Let u(t) = -t**2 + 4*t. Let y be u(2). Let z be 2 - (4 - (y - 0)). Let c(m) = 0 - 1 - z - m. Determine c(-4).
1
Let y(q) be the first derivative of -q**2/2 - 5*q + 1. Let o be y(-8). Let k(g) be the third derivative of -g**4/12 + g**3/3 - 263*g**2 - 2*g. Calculate k(o).
-4
Let n(w) be the first derivative of -w**4/2 + 4*w**3 + 7*w**2 + 5*w + 18. Let k be n(7). Let v(p) = 4*p**2 - 5*p**2 + 4*p + 2*p. What is v(k)?
5
Let i(c) = -4*c**3 + 1. Let k(u) = 2*u + 5. Let h = 5 - 13. Let s be k(h). Let a = s + 12. Calculate i(a).
-3
Suppose -4*g = -g - 24. Let x(n) be the second derivative of -n**5/20 + 3*n**4/4 - 3*n**3/2 + 2*n**2 - 11*n + 2. Determine x(g).
-4
Let o(r) = 7*r**2 - r. Let c(g) = -g**2 - 4*g + 6. Let l be c(-7). Suppose 16 = a + 2. Let h = a + l. Calculate o(h).
8
Let s(a) = -a + 3. Let q(t) = 2*t - 7. Let c(m) = -2*q(m) - 5*s(m). Suppose h - 3 = 5. Suppose -9*o = -h*o - 4. What is c(o)?
3
Let w = -4 - 0. Let u(x) = -526*x**2 - 2*x - 3 + 264*x**2 + 3*x + 0*x + 263*x**2. Calculate u(w).
9
Let u(k) be the second derivative of 16*k + 0 + 1/3*k**3 - 4*k**2. Determine u(6).
4
Let a(y) = 76*y**3 - 14*y + 13. Let v(s) = 19*s**3 - 3*s + 3. Let x(o) = -2*a(o) + 9*v(o). What is x(-1)?
-19
Let b(o) = o**2 + 6*o - 1. Let z(k) = 1. Let d = -52 - -53. Let w(n) = d*z(n) + b(n). Give w(-7).
7
Let m(k) be the first derivative of k**4/4 - 2*k**3/3 - 3*k**2/2 - 4*k - 96. Determine m(3).
-4
Suppose 3*k - z = -40, -3*z + 4 = -2*z. Let w = 8 + k. Let x(a) = -a**3 - 4*a**2 + 3. Let o(h) = 9*h**3 + 36*h**2 - 28. Let l(d) = o(d) + 10*x(d). What is l(w)?
2
Let u(j) = -4778*j**2 - 2*j - 3 + 4777*j**2 + j. Calculate u(-2).
-5
Let o(j) = 0*j**2 - j**2 - 15 - 12*j - j**2 + j**2. What is o(-10)?
5
Let n(w) be the third derivative of -11*w**5/60 - 7*w**4/12 + 25*w**3/6 + 26*w**2. Let y(f) = 5*f**2 + 7*f - 12. Let p(s) = -6*n(s) - 13*y(s). Give p(5).
-4
Let w(t) = -5*t**2 + 17*t - 17. Let z(p) = p**2 - p + 1. Let x(r) = w(r) + 6*z(r). Let d be x(-12). Let n(h) = -1 - 3*h + h - 5*h. Calculate n(d).
-8
Let i be ((-66)/275*5)/((-3)/(-10)). Let o(y) = y + 1. Determine o(i).
-3
Let g(f) = f**3 - 5*f**2 + 2*f + 4. Let q = 32 - 28. Calculate g(q).
-4
Let v(d) = 0*d + d**2 + 2*d + 2*d + 3. Let q be ((-3)/(-9))/(2/12). Let u(p) = p**2 - 2*p - 4. Let g be u(q). Give v(g).
3
Let p(d) = -d - 1. Let r be (((-12)/10)/(-3))/(9/(-90)). Let w(b) = -2*b - 11. Let i be w(r). What is p(i)?
2
Let c(z) be the third derivative of z**6/60 - z**5/20 + z**4/6 - z**3/2 + z**2. Let u = -58 - -58. Suppose o = -u*o + 2. Give c(o).
9
Let o = 172 - 169. Let c(z) = -2*z + 5. Determine c(o).
-1
Let b = -10 - -5. Let x = b + 5. Suppose x = -2*u + 7*u - 20. Let k(v) = v**3 - 4*v**2 + 2*v - 5. Give k(u).
3
Let d(m) = 2*m**2 + m - 4. Suppose 0 = 6*l - l - 75. Suppose -3*u = 2*a + 9, 4*u + l = u. Calculate d(a).
17
Let k(p) = -p**3 + 4*p**2 + 6*p - 6. Let m(v) = -2*v - 31. Let r be m(-18). Let z be (-3)/r - 112/(-20). Determine k(z).
-1
Let g(p) be the second derivative of -1/2*p**2 - 1/2*p**3 + 0 - 18*p. Let r be ((-4)/(-3))/((-2)/(-3)). Determine g(r).
-7
Let s(g) be the third derivative of 0*g - 3/8*g**4 + 1/120*g**6 + 4/3*g**3 + 0 - 1/12*g**5 - 25*g**2. Calculate s(6).
-10
Let s(u) = -u**2 + u + 4. Let r be (2 - 4)/(11/(-187)). Let p = -37 + r. What is s(p)?
-8
Suppose 4*j = 8*j - 4. Let p be j/(-3) - 36/(-27). Suppose 4*l + p = -11. Let g(m) = m**2 + m + 2. What is g(l)?
8
Suppose 8*w + 69 - 93 = 0. Let d(m) be the second derivative of 0 + 2*m + 1/2*m**3 + 2*m**2. What is d(w)?
13
Let q be (2/3)/(((-64)/(-60))/(-8)). Let j(n) = 2*n - 1. Determine j(q).
-11
Let z be 2/(-1) - (-27)/((-54)/(-8)). Let n(w) be the second derivative of -1/12*w**4 - 1/6*w**3 + 7/2*w**z - 7*w + 0. Determine n(0).
7
Let i(u) = -u - 4. Let p(r) = 2*r + 8. Let z(a) = -5*i(a) - 3*p(a). Let y = 30 + -65. Let m = y - -25. What is z(m)?
6
Suppose -18*h = -90 - 36. Let a(o) = -o**3 + 7*o**2 - o - 3. Give a(h).
-10
Let s(c) = 17*c - 12. Let o(f) = -36*f + 27. Let g(x) = -4*o(x) - 9*s(x). What is g(1)?
-9
Let t(i) be the first derivative of i**5/20 + i**4/6 + i**3/3 + i**2/2 - 4*i - 12. Let w(f) be the first derivative of t(f). Give w(-2).
-3
Let h = -88 + 90. Let j(r) = 6*r**2 - 3*r**2 + r**2 - 3*r**h + 6 + 12*r. Determine j(-11).
-5
Let p(l) = 5*l + 1. Let q be (4/10)/((-6)/30). Determine p(q).
-9
Let r(h) be the second derivative of h**5/20 - h**4/12 - h**3/6 + 2*h. Let q = 25 + -68. Let p = q + 44. Determine r(p).
-1
Suppose 4*g + 2 + 18 = 0. Let l(t) = t**2 - 11. Suppose -6*k - 3 = -9. Let h(x) = -x - 1. Let r(q) = k*l(q) - 4*h(q). Calculate r(g).
-2
Let l(u) = -u**2 - 23*u - 48. Suppose -d - 2*d = 63. Let c be l(d). Let x(i) = i**2 + 4*i + 5. What is x(c)?
17
Let h(t) = -14*t**2 + 26*t + 31. Let j(u) = -5*u**2 + 9*u + 12. Let l(x) = 4*h(x) - 11*j(x). Give l(7).
-22
Suppose -12 = -i + 4*k, 4*k = -2*i - 19 + 7. Let o(v) be the third derivative of 0 - 5*v**2 + 1/24*v**4 + 1/3*v**3 + i*v + 0*v**5 - 1/120*v**6. Calculate o(-2).
8
Suppose 0 = -2*f - 4*q - 26, q = -3*f - 28 + 9. Let m(g) = -g**3 - 5*g**2 - g - 6. Give m(f).
-1
Let r(o) be the third derivative of -o**7/1260 + o**5/30 + 13*o**2. Let v(u) be the third derivative of r(u). What is v(-2)?
8
Let h(t) be the second derivative of 5*t**5/4 - t**4/12 + t**3/6 - t**2/2 - 58*t + 4. Give h(1).
24
Suppose -10 = -5*n - 0. Sup